{"id":254,"date":"2024-10-14T06:20:05","date_gmt":"2024-10-14T04:20:05","guid":{"rendered":"https:\/\/solustores.ch\/index.php\/moustiquaires\/"},"modified":"2024-10-14T06:20:16","modified_gmt":"2024-10-14T04:20:16","slug":"moustiquaires","status":"publish","type":"page","link":"https:\/\/solustores.ch\/index.php\/moustiquaires\/","title":{"rendered":"Moustiquaires"},"content":{"rendered":"\n  \n    <section class=\"u-clearfix u-white u-section-1\" id=\"sec-f32e\">\n      <div class=\"u-clearfix u-sheet u-sheet-1\">\n        <div class=\"data-layout-selected u-clearfix u-expanded-width u-gutter-18 u-layout-wrap u-layout-wrap-1\">\n          <div class=\"u-gutter-0 u-layout\">\n            <div class=\"u-layout-row\">\n              <div class=\"u-size-30 u-size-60-md\">\n                <div class=\"u-layout-row\">\n                  <div class=\"u-align-left u-container-align-left u-container-style u-image u-layout-cell u-left-cell u-size-60 u-image-1\" src=\"\" data-image-width=\"929\" data-image-height=\"1500\" style=\"background-image: url(&quot;https:\/\/solustores.ch\/wp-content\/uploads\/2024\/10\/Moustiquaire-Enroulable-2.jpg&quot;);\">\n                    <div class=\"u-container-layout u-container-layout-1\" src=\"\"><\/div>\n                  <\/div>\n                <\/div>\n              <\/div>\n              <div class=\"u-size-30 u-size-60-md\">\n                <div class=\"u-layout-col\">\n                  <div class=\"u-align-left u-container-align-left u-container-style u-image u-layout-cell u-right-cell u-size-40 u-image-2\" data-image-width=\"2000\" data-image-height=\"1204\" style=\"background-image: url(&quot;https:\/\/solustores.ch\/wp-content\/uploads\/2024\/10\/Moustiquaire-Enroulable-1.jpg&quot;);\">\n                    <div class=\"u-container-layout u-valign-middle u-container-layout-2\" src=\"\"><\/div>\n                  <\/div>\n                  <div class=\"u-container-style u-layout-cell u-right-cell u-size-20 u-white u-layout-cell-3\" src=\"\">\n                    <div class=\"u-container-layout u-valign-bottom u-container-layout-3\">\n                      <h2 class=\"u-align-left u-text u-text-default u-text-1\">Moustiquaires Enroulables<\/h2>\n                      <p class=\"u-align-justify u-text u-text-2\">Ce mod\u00e8le est le plus souvent utilis\u00e9 pour prot\u00e9ger les fen\u00eatres contres les insectes en tout genre.<br>\n                        <br>Facile \u00e0 utiliser, le treillis s'enroule dans un petit caisson aluminium lorsque la moustiquaire n'est plus utile (en hiver par exemple).<br>\n                        <br>Elle peut \u00eatre manoeuvr\u00e9e par tirage direct sur un cordon et remonter \u00e0 l'aide d'un axe \u00e0 ressort ou par une chainette pour les dimensions plus larges ou les fen\u00eatres moins faciles d'acc\u00e8s. \n                      <\/p>\n                      <img decoding=\"async\" class=\"u-image u-image-contain u-image-default u-preserve-proportions u-image-3\" src=\"https:\/\/solustores.ch\/wp-content\/uploads\/2024\/10\/MHZ.jpg\" alt=\"\" data-image-width=\"1181\" data-image-height=\"1181\">\n                    <\/div>\n                  <\/div>\n                <\/div>\n              <\/div>\n            <\/div>\n          <\/div>\n        <\/div>\n      <\/div>\n    <\/section>\n    <section class=\"u-clearfix u-white u-section-2\" id=\"carousel_b3ec\">\n      <div class=\"u-clearfix u-sheet u-sheet-1\">\n        <div class=\"data-layout-selected u-clearfix u-expanded-width u-gutter-18 u-layout-wrap u-layout-wrap-1\">\n          <div class=\"u-gutter-0 u-layout\">\n            <div class=\"u-layout-row\">\n              <div class=\"u-size-30 u-size-60-md\">\n                <div class=\"u-layout-col\">\n                  <div class=\"u-align-left u-container-align-left u-container-style u-image u-layout-cell u-right-cell u-size-40 u-image-1\" data-image-width=\"1429\" data-image-height=\"905\" style=\"background-image: url(&quot;https:\/\/solustores.ch\/wp-content\/uploads\/2024\/10\/Moustiquaire-Plisse-2.jpg&quot;);\">\n                    <div class=\"u-container-layout u-valign-middle u-container-layout-1\" src=\"\"><\/div>\n                  <\/div>\n                  <div class=\"u-container-style u-layout-cell u-right-cell u-size-20 u-white u-layout-cell-2\" src=\"\">\n                    <div class=\"u-container-layout u-valign-bottom u-container-layout-2\">\n                      <h2 class=\"u-align-left u-text u-text-default u-text-1\">Moustiquaires Pliss\u00e9es<\/h2>\n                      <p class=\"u-align-justify u-text u-text-2\">Ce type de moustiquaire est id\u00e9al pour les portes fen\u00eatres et les baies vitr\u00e9es. Il s'ouvre et se ferme \u200btr\u00e8s facilement en coulissant d'un c\u00f4t\u00e9 ou de l'autre, depuis l'int\u00e9rieur comme l'ext\u00e9rieur de la pi\u00e8ce.<br>\n                        <br>Un produit parfaitement adapt\u00e9 pour les ouvertures avec beaucoup de passage (acc\u00e8s \u00e0 un balcon ou une terrasse).\n                      <\/p>\n                      <img decoding=\"async\" class=\"u-image u-image-contain u-image-default u-preserve-proportions u-image-2\" src=\"https:\/\/solustores.ch\/wp-content\/uploads\/2024\/10\/MHZ.jpg\" alt=\"\" data-image-width=\"1181\" data-image-height=\"1181\">\n                    <\/div>\n                  <\/div>\n                <\/div>\n              <\/div>\n              <div class=\"u-size-30 u-size-60-md\">\n                <div class=\"u-layout-row\">\n                  <div class=\"u-align-left u-container-align-left u-container-style u-image u-layout-cell u-left-cell u-size-60 u-image-3\" src=\"\" data-image-width=\"649\" data-image-height=\"1067\" style=\"background-image: url(&quot;https:\/\/solustores.ch\/wp-content\/uploads\/2024\/10\/Moustiquaire-Plisse.jpg&quot;);\">\n                    <div class=\"u-container-layout u-valign-middle u-container-layout-3\" src=\"\"><\/div>\n                  <\/div>\n                <\/div>\n              <\/div>\n            <\/div>\n          <\/div>\n        <\/div>\n      <\/div>\n    <\/section>\n    <section class=\"u-clearfix u-white u-section-3\" id=\"carousel_3b32\">\n      <div class=\"u-clearfix u-sheet u-sheet-1\">\n        <div class=\"custom-expanded data-layout-selected u-clearfix u-gutter-18 u-layout-wrap u-layout-wrap-1\">\n          <div class=\"u-gutter-0 u-layout\">\n            <div class=\"u-layout-row\">\n              <div class=\"u-size-30 u-size-60-md\">\n                <div class=\"u-layout-row\">\n                  <div class=\"u-align-left u-container-align-left u-container-style u-image u-layout-cell u-left-cell u-size-60 u-image-1\" src=\"\" data-image-width=\"414\" data-image-height=\"540\" style=\"background-image: url(&quot;https:\/\/solustores.ch\/wp-content\/uploads\/2024\/10\/Moustiquaire-Fixe-Solustores.jpg&quot;);\">\n                    <div class=\"u-container-layout u-container-layout-1\" src=\"\"><\/div>\n                  <\/div>\n                <\/div>\n              <\/div>\n              <div class=\"u-size-30 u-size-60-md\">\n                <div class=\"u-layout-col\">\n                  <div class=\"u-align-left u-container-align-left u-container-style u-image u-layout-cell u-right-cell u-size-40 u-image-2\" data-image-width=\"1396\" data-image-height=\"869\" style=\"background-image: url(&quot;https:\/\/solustores.ch\/wp-content\/uploads\/2024\/10\/Moustiquaire-Fixe.jpg&quot;);\">\n                    <div class=\"u-container-layout u-valign-middle u-container-layout-2\" src=\"\"><\/div>\n                  <\/div>\n                  <div class=\"u-container-style u-layout-cell u-right-cell u-size-20 u-white u-layout-cell-3\" src=\"\">\n                    <div class=\"u-container-layout u-container-layout-3\">\n                      <h2 class=\"u-align-left u-text u-text-default u-text-1\">Moustiquaires Fixes<\/h2>\n                      <p class=\"u-align-justify u-text u-text-2\">Ce type de moustiquaire est adapt\u00e9 pour les fen\u00eatres et les ouvertures avec peu de passage.&nbsp;<br>\n                        <br>Clips\u00e9 depuis l'int\u00e9rieur ou l'ext\u00e9rieur (selon les mod\u00e8les), icette moustiquaire s'installe et se d\u00e9monte facilement en quelques secondes.<br>\n                        <br>Il permet l'utilisation des fen\u00eatres en oscillo battant pour a\u00e9rer une pi\u00e8ces sans avoir \u00e0 d\u00e9monter la moustiquaire.\n                      <\/p>\n                      <img decoding=\"async\" class=\"u-image u-image-contain u-image-default u-preserve-proportions u-image-3\" src=\"https:\/\/solustores.ch\/wp-content\/uploads\/2024\/10\/MHZ.jpg\" alt=\"\" data-image-width=\"1181\" data-image-height=\"1181\">\n                    <\/div>\n                  <\/div>\n                <\/div>\n              <\/div>\n            <\/div>\n          <\/div>\n        <\/div>\n      <\/div>\n    <\/section>\n    \n    \n    \n    \n    \n  \n","protected":false},"excerpt":{"rendered":"<p>Moustiquaires Enroulables Ce mod\u00e8le est le plus souvent utilis\u00e9 pour prot\u00e9ger les fen\u00eatres contres les insectes en tout genre. Facile \u00e0 utiliser, le treillis s&rsquo;enroule dans un petit caisson aluminium lorsque la moustiquaire n&rsquo;est plus utile (en hiver par exemple). Elle peut \u00eatre manoeuvr\u00e9e par tirage direct sur un cordon et remonter \u00e0 l&rsquo;aide d&rsquo;un &hellip; <a href=\"https:\/\/solustores.ch\/index.php\/moustiquaires\/\" class=\"more-link\">Continue reading<span class=\"screen-reader-text\"> \u00ab\u00a0Moustiquaires\u00a0\u00bb<\/span><\/a><\/p>\n","protected":false},"author":1,"featured_media":0,"parent":0,"menu_order":6,"comment_status":"closed","ping_status":"closed","template":"","meta":{"footnotes":""},"class_list":["post-254","page","type-page","status-publish","hentry"],"_links":{"self":[{"href":"https:\/\/solustores.ch\/index.php\/wp-json\/wp\/v2\/pages\/254","targetHints":{"allow":["GET"]}}],"collection":[{"href":"https:\/\/solustores.ch\/index.php\/wp-json\/wp\/v2\/pages"}],"about":[{"href":"https:\/\/solustores.ch\/index.php\/wp-json\/wp\/v2\/types\/page"}],"author":[{"embeddable":true,"href":"https:\/\/solustores.ch\/index.php\/wp-json\/wp\/v2\/users\/1"}],"replies":[{"embeddable":true,"href":"https:\/\/solustores.ch\/index.php\/wp-json\/wp\/v2\/comments?post=254"}],"version-history":[{"count":1,"href":"https:\/\/solustores.ch\/index.php\/wp-json\/wp\/v2\/pages\/254\/revisions"}],"predecessor-version":[{"id":275,"href":"https:\/\/solustores.ch\/index.php\/wp-json\/wp\/v2\/pages\/254\/revisions\/275"}],"wp:attachment":[{"href":"https:\/\/solustores.ch\/index.php\/wp-json\/wp\/v2\/media?parent=254"}],"curies":[{"name":"wp","href":"https:\/\/api.w.org\/{rel}","templated":true}]}}